39, -b - 2*k + 11 = -9. Suppose 18*r = 17*r + b. List the prime factors of r.
2, 11
Suppose -3*r + 1 + 2 = -3*v, 3*v = -2*r + 12. Let q be (10/(-30))/(v/(-168)). Suppose -5*s + 4*w + 79 = 0, -w + q = 5*s - 71. What are the prime factors of s?
19
Suppose -p - 3 = -4*p, 3*l - 44 = -2*p. Let r = -2 + l. Let i = r + 1. What are the prime factors of i?
13
Let r = -19 - 8. Let v = r - -23. List the prime factors of (v + (-4 - -7))*-6.
2, 3
Let x(l) = 94*l**2 - 1. Let g be x(-1). Suppose -4 = -2*v - 2*f, 2*v - 5*v - f + 10 = 0. Suppose -g = -v*h + 35. What are the prime factors of h?
2
Suppose -7 = -2*d + 1. Suppose d*z + 168 = 8*z. List the prime factors of z.
2, 3, 7
Suppose 40 = f + 10. List the prime factors of f.
2, 3, 5
Suppose b + r - 276 - 85 = 0, 5*r = 2*b - 701. List the prime factors of b.
2, 179
Let b = 3927 + -1813. Suppose 8*c - b + 482 = 0. List the prime factors of c.
2, 3, 17
Let r(y) = 3*y**3 - 8*y**2 + 10*y - 1. What are the prime factors of r(6)?
419
Suppose -s - 26*i + 3600 = -25*i, -2*s + i = -7185. What are the prime factors of s?
5, 719
Suppose -3*s = 2*m - 4*s + 1, 2*s - 20 = -5*m. Suppose -m*r - 2*r = -116. Let y = r - 7. List the prime factors of y.
2, 11
Suppose -3*h = -4*h + 8. Suppose -2*w - 4 = h. Let v = w - -12. List the prime factors of v.
2, 3
Let a(n) = 2 - 3 + 4*n + 5. Let d be 2 - (-3 - -6 - 4). List the prime factors of a(d).
2
Let v = -3 + 11. Let d(q) = -q**2 + 9*q - 4. Let i be d(v). Suppose 0*r - 3*r = n - 34, -i*n - 3*r = -100. List the prime factors of n.
2, 11
Let b(g) = g**2 - 6*g - 16. Let u be (-70)/(-6) - (-21)/63. List the prime factors of b(u).
2, 7
Let r(p) = 33*p**2 - 5*p + 12. What are the prime factors of r(4)?
2, 5, 13
Suppose -15*w + 11*w + 564 = 0. Suppose n = j - 4*j + w, 149 = n + j. List the prime factors of n.
3, 17
Suppose 0 = 72*r - 66*r - 7818. What are the prime factors of r?
1303
Let y(z) = -408*z + 79. List the prime factors of y(-8).
3343
Let b(g) = -78*g - 38. What are the prime factors of b(-4)?
2, 137
Suppose -o + 1644 = 5*o. Suppose -7*j - 43 = -o. List the prime factors of j.
3, 11
Let g be -7*-3*4/(-14). Let r(o) = -o - 4. Let t be r(g). Let y = 14 - t. What are the prime factors of y?
2, 3
What are the prime factors of 1456 + ((-1 - -1)/6 - -3)?
1459
Let h = 16 + -9. Let g(u) = -u**2 - 6*u - 5. Let z be g(-4). Suppose 3*j + 57 = h*j - z*m, 2*m = -j + 6. What are the prime factors of j?
2, 3
Suppose -5*w + 638 = -3392. What are the prime factors of w?
2, 13, 31
Let j(a) = 1325*a + 42. List the prime factors of j(1).
1367
Let f(w) = 0*w - 4 + 63*w**2 - 65*w**2 + 5*w**3 - w. Let d be f(3). Suppose d = 4*j + 42. What are the prime factors of j?
17
Let u = -3 + 7. Suppose -5*k - 2*j = -33, -6 = -2*k + 4*k - u*j. Suppose 15 + k = 2*z. What are the prime factors of z?
2, 5
Suppose 0 = -4*g + 2*g + 4, -4*z - 4*g = -204. List the prime factors of 28/6*252/z.
2, 3
Let k be 14 + -9 - 1*3. Suppose -2*t + 14 = 2*q, 3*t - 13 = -3*q - k*t. What are the prime factors of q?
11
Let i(t) = -21*t**3 - 19*t**2 - 9*t + 3. What are the prime factors of i(-4)?
13, 83
Let q = 77 + 222. What are the prime factors of q?
13, 23
Suppose 5*k + 428 = k. Let z = k + 180. What are the prime factors of z?
73
Suppose 40 = -6*t - 32. Let z = 51 - t. What are the prime factors of z?
3, 7
Let s = -997 - -1090. What are the prime factors of s?
3, 31
Let p be 0 + -1 + -140 - (8 - 8). Let y = 245 + p. What are the prime factors of y?
2, 13
What are the prime factors of (-282)/(-10)*(2 - -48)?
2, 3, 5, 47
What are the prime factors of 44 - 40 - 1398/(-2)?
19, 37
Let a = -870 - -1228. List the prime factors of a.
2, 179
Let v(u) = 4*u**2 - 11*u - 85. List the prime factors of v(-12).
7, 89
Suppose -5*w - j - 2*j = 0, 5*w - 40 = 5*j. Suppose w*f + 183 = 6*f. List the prime factors of f.
61
Let v(j) = 3*j - 4. Let f be v(6). Suppose 4*p + 4*t - 24 = 0, -2*p - f = -3*p - 5*t. Suppose -w = -p*w + 75. What are the prime factors of w?
5
List the prime factors of 1/((10/(-3435)*3)/(-22)).
11, 229
Let v(i) = -3*i**2 + 2*i**2 - 1 + 0*i**2 - i - 3*i**3. Let s be v(-1). Suppose -s*h = -15 - 7. What are the prime factors of h?
11
Suppose -4*a - 10 = -9*a, 4*a = 5*f - 1477. What are the prime factors of f?
3, 11
List the prime factors of (-9830)/1*(5 - (-135)/(-25)).
2, 983
Let j(x) = x**2 + 12*x + 7. Let w(l) = -11*l - 13. Let y be w(-6). Suppose -5*r = 5*p + 33 + 22, 4*p - 5*r = -y. What are the prime factors of j(p)?
7
Suppose 5*a - 2*h - 3581 = 0, 5*h = -2*a + 4*a - 1424. List the prime factors of a.
3, 239
Suppose 2*x = 10 - 30. Let s = -6 - x. Suppose 3*u - 2*v - 3*v = 26, 0 = -s*u + 5*v + 28. What are the prime factors of u?
2
Let k = 1220 - 383. List the prime factors of k.
3, 31
Suppose -5*t - 4*t + 108 = 0. What are the prime factors of (-148)/3*(-3 - t/(-8))?
2, 37
Let u(a) = -11*a**3 + a**2 + 2*a + 1. Let b be u(-1). Let o = b - -37. List the prime factors of o.
2, 3
Suppose 0 = f, 0*z = -2*z + 5*f + 364. Suppose 135 = 3*w + 2*k, 4*w + 2*k - z = -0*k. Suppose -101 = -j - 3*j + 3*o, 2*j - w = 5*o. List the prime factors of j.
2, 13
Let u = 8 + -8. Suppose 9 = s + q - 0, u = 3*s + 4*q - 30. Let g(v) = 3*v - 2. What are the prime factors of g(s)?
2
Let f(z) = -z**2 + 41*z - 19. What are the prime factors of f(16)?
3, 127
What are the prime factors of (25 - -229)*(-14)/(-4)?
7, 127
Suppose 2*t - 12 = 5*l, 2*t - 4*t = -l - 4. List the prime factors of (2/t - -170) + 0.
2, 43
Suppose 0 = 2*h + 3*z + 1 - 33, -h + 16 = -4*z. Suppose 5*k = -2*m + 811 + 81, -h = 4*m. List the prime factors of k.
2, 3, 5
Let z(b) be the third derivative of 49*b**5/60 + b**4/12 - b**3/6 - 3*b**2. What are the prime factors of z(1)?
2, 5
Suppose 827 = 384*t - 383*t. List the prime factors of t.
827
Let y = 70 + -126. Let j(m) = -m**2 + m + 1. Let b(o) = -6*o**2 + 14*o + 14. Let x(f) = y*j(f) + 4*b(f). List the prime factors of x(-1).
2
Suppose 3*a + 538 = 5*a. Let b = a + -141. List the prime factors of b/10 - 72/90.
2, 3
Let b(q) = -q**3 + 20*q**2 + 3*q. Let s = 11 - -9. List the prime factors of b(s).
2, 3, 5
Let n = 132 - -420. What are the prime factors of n?
2, 3, 23
List the prime factors of (-239)/4*16/(-4).
239
Let n(h) = h. Let x(z) = z**2 - 8*z + 6. Let o be x(8). Suppose -4*q + o = -22. List the prime factors of n(q).
7
Suppose -14*x - 88 = -25*x. Suppose -2*q - 17 = -4*r + q, -2*q = 3*r. List the prime factors of r*2/x*32.
2
Suppose 0 = -4*t - 12, 4*q = 4*t - 7*t - 9. Suppose 11*d - 659 - 1563 = q. What are the prime factors of d?
2, 101
Let r = -1014 + 1720. What are the prime factors of r?
2, 353
Let p = -166 - -112. List the prime factors of 2 + 2 - p*1.
2, 29
List the prime factors of ((-4)/6)/(((-40)/432)/5).
2, 3
Suppose c - 2024 = -7*c. List the prime factors of c.
11, 23
Let z(k) = -k**2 + 14*k - 8. Let h be z(14). List the prime factors of 2/h - 201/(-4).
2, 5
Let o(s) = -s**3 + 6*s**2 + s - 4. Let y be o(5). Let i = 91 - y. Suppose -b - i = -6*b. What are the prime factors of b?
13
Let h(g) = g**2 - 4*g + 4. Let n be h(4). Suppose -144 = -n*m - 4*m. What are the prime factors of m?
2, 3
Let h(n) = -2*n**3 + 10*n**2 + n - 20. What are the prime factors of h(4)?
2
Let b(f) = -15*f**3 - 19*f**2 + 13*f + 363. Let i(t) = -7*t**3 - 9*t**2 + 6*t + 182. Let k(w) = -6*b(w) + 13*i(w). What are the prime factors of k(0)?
2, 47
Suppose -c = -4*x + 7829, -12*c + 7819 = 4*x - 11*c. List the prime factors of x.
2, 3, 163
Let i = 10 - 16. Let s(h) = -10*h - 13. List the prime factors of s(i).
47
Let a(d) = -2*d**3 - 3*d**2 + d + 2. Let k be 7/1 + 18/(-6). Suppose 4*o + o = -2*y - 14, o - 3*y - k = 0. List the prime factors of a(o).
2
What are the prime factors of -6 + 37/(-74)*-2*1307?
1301
Let k(o) = -38*o**3 - 6*o**2 + 6*o**2. Suppose 8 = -5*f + 3. What are the prime factors of k(f)?
2, 19
Suppose -2*r + 2 = -i - 3, 3*r - 2*i - 9 = 0. Let j(n) = -10*n**2 + 45*n**2 - n + 25*n**2. What are the prime factors of j(r)?
59
Suppose 3869 = 22*g - 15689. List the prime factors of g.
7, 127
Let w(d) be the third derivative of 7/24*d**4 + 0 - 5*d**2 + 0*d - d**3. List the prime factors of w(4).
2, 11
Let s(v) = 60*v**2 - 3*v - 5. What are the prime factors of s(3)?
2, 263
What are the prime factors of (2*(-6)/(-4))/(30/3040)?
2, 19
Suppose y + 0